 73
Let c = -504 - -998. List the prime factors of c.
2, 13, 19
Suppose -22*i + 8*i + 9128 = 0. List the prime factors of i.
2, 163
Suppose 552 = -20*p + 23*p - 5*v, -5*v = 4*p - 736. What are the prime factors of p?
2, 23
Suppose -4*g + 5*r - 117 = 0, 4*g = 2*g + r - 57. Let f = g - -40. List the prime factors of f.
2, 3
Suppose -34*m - 1824 = -38*m. What are the prime factors of m?
2, 3, 19
Let q(x) = 2*x - 3 + x + 4 - 6*x. Let g(r) = -r**2 + 6*r - 6. Let l be g(5). List the prime factors of q(l).
2
Suppose 2*k - 4 = 4. Suppose 0 = u + k + 7. Let g = 10 - u. What are the prime factors of g?
3, 7
Suppose 0 = 10*x - 48 + 148. Let c(h) = -h**3 - 10*h**2 - 9*h. What are the prime factors of c(x)?
2, 3, 5
Suppose 0 = -14*v + 16345 + 2751. List the prime factors of v.
2, 11, 31
Let p(d) = -9*d - d**2 + 102*d**3 - 4 - 103*d**3 - 4*d**2. What are the prime factors of p(-5)?
41
Suppose i + 4*i + 135 = 0. Let h be (-2 - -2)*9/i. Suppose -4*v + a + 104 = 0, h*v + 4*v - 100 = 2*a. What are the prime factors of v?
3
Suppose 103*l - 1526 = 101*l. What are the prime factors of l?
7, 109
Suppose 6*m + 1344 = 10*m - 3*p, 3*m - 5*p = 1019. What are the prime factors of m?
3, 37
Let k = -151 - -396. Suppose 4*r = -4*m + k + 55, 207 = 3*r - 3*m. What are the prime factors of r?
2, 3
Let w be 3878/4 + (-9)/(-18). Let u be (-2)/(-5)*(5 - w). What are the prime factors of u/(-26) - (-4)/26?
3, 5
Let l = 1975 + -261. What are the prime factors of l?
2, 857
Let a(y) be the first derivative of y**3/3 - y**2 + y - 11. List the prime factors of a(-7).
2
Let f = 20 + 6. Let b = 71 - f. Suppose r + 12 = b. List the prime factors of r.
3, 11
Let f(l) = 14*l + 4 + 24 - 5*l. What are the prime factors of f(8)?
2, 5
Let w(z) = z**3 + 9*z**2 - 4*z - 19. Let k = 40 + -38. Let j = k + -10. List the prime factors of w(j).
7, 11
Let d(r) = -r**2 - 4*r - 3. Let n be d(-3). Suppose -5*w = x + 2*x - 149, n = 3*w - 12. What are the prime factors of x?
43
Let d(w) = 125*w**2 - 24*w - 87. List the prime factors of d(-5).
2, 1579
Let k = 7607 - 5326. List the prime factors of k.
2281
Suppose 5*i - 411 - 274 = 0. Let a = i + -39. List the prime factors of a.
2, 7
Let t(g) = -33*g + 34. List the prime factors of t(-7).
5, 53
Suppose 5*d + 5 + 10 = 0. Let o(g) = g**3 + 2*g**2 - 2*g + 3. Let c be o(d). Suppose 2*f - 40 - 32 = c. What are the prime factors of f?
2, 3
Let z(m) = -4*m + 4. Let x be z(-5). Suppose -4*c + x = t + 6, 3*t + 2*c - 54 = 0. List the prime factors of t.
2, 3
Suppose 4*y - 4 = 0, -3*o + 0*y + 215 = -4*y. Suppose 3*m = -4*b - 173 + 432, -m + o = 4*b. List the prime factors of m.
3, 31
Let b = -101 - -1126. List the prime factors of b.
5, 41
Suppose -5*b + 161 = -4*b. What are the prime factors of b?
7, 23
Let z(s) = -s**3 + 10*s**2 - 11*s + 8. Let q be 2*(2/4 - -4). Let x be z(q). List the prime factors of x*(39/15 + -3).
2
Suppose 1679 = 7*v - 3382. List the prime factors of v.
3, 241
Let k(x) = 44*x**2 - 2*x + 3. Let c be k(1). Let w = c + 11. What are the prime factors of w?
2, 7
Let q(t) be the second derivative of -5*t**3/6 - 7*t**2 - 6*t. List the prime factors of q(-6).
2
Suppose -20 = -2*c - 2*c, 4*k = c - 25. Let l be 5/((-16)/k - 3). Let y = 43 - l. List the prime factors of y.
2, 3
Let g be 1*3/(-5 - -4). List the prime factors of ((-1)/(-3))/(3*g/(-1809)).
67
Let g(u) = 24*u**2 + 5*u + 5. List the prime factors of g(6).
29, 31
Suppose 5*k + 29 = -46. Let d = -68 - -101. Let s = d + k. List the prime factors of s.
2, 3
Suppose -5*h + 8*u - 3*u = -1275, 3*u - 263 = -h. What are the prime factors of h?
257
Let d = -1492 + 2233. List the prime factors of d.
3, 13, 19
Let i(f) = 2*f**2 + 31*f - 59. List the prime factors of i(12).
601
Suppose 2*d = -0*d + 10. Suppose -d*r = 11 - 36. Suppose -r*x = -4*n - 0*x + 189, 215 = 5*n - 2*x. What are the prime factors of n?
41
Suppose 0 = -5*b - 15, 3*b - 23 = -4*x + 20. Let r = 127 - x. Suppose g = -5*g + r. List the prime factors of g.
19
Let g = 78 - 78. Let m = -4 - -7. Suppose -98 = -2*u - 3*q, g = 4*u + m*q - 167 - 41. List the prime factors of u.
5, 11
Suppose -i + 8 = -4*r + 57, 0 = -3*r - 3*i + 33. Suppose 0 = -r*h + 4848 - 528. What are the prime factors of h?
2, 3, 5
Let k be -4*3/(-6) - (-10 - -1). Suppose -140 = -2*r - i, 0 = -3*i - k - 1. List the prime factors of r.
2, 3
Let v be (-200)/72 + (-2)/9. Let s be 3 - (1 + 2)/v. Suppose s*h = 50 + 14. List the prime factors of h.
2
Let y = 31 - -7. Let a = y - 25. Suppose 0*z - z = -a. What are the prime factors of z?
13
Suppose 3*c = 3*w - 0*w - 30, 0 = -5*c - 25. Suppose 217 = w*g - 288. What are the prime factors of g?
101
Suppose 0 = -393*x + 402*x - 5229. What are the prime factors of x?
7, 83
Let r(y) = -y**3 - 6*y**2 + 4*y - 12. Let u be r(-8). Let v = 31 + u. List the prime factors of v.
5, 23
Suppose 4*w - 6783 = -5*d, -15*d + 11*d = 4*w - 6788. List the prime factors of w.
2, 23, 37
Let y(n) = -n + 3. Let x be y(-5). Suppose 2*l = -2*l + x. Suppose -l*b + 63 = -s, 3*b + 0*s = -2*s + 84. List the prime factors of b.
2, 3, 5
Suppose 0*b = -2*h + b + 1, -3*h + 3*b = -6. List the prime factors of -1 + h + 1 + 4 - -24.
3
Let w(t) = -t**3 - 7*t**2 + 3*t - 28. Let z be w(-8). Suppose -z*n = 309 - 2397. List the prime factors of n.
2, 3, 29
Let u be ((-4)/4)/((-2)/(-34)). Suppose 5*n = -0*n - 230. Let m = u - n. What are the prime factors of m?
29
What are the prime factors of (-18*(-1)/(-2))/((-6)/8)?
2, 3
Suppose 8*k + 330 = -110. List the prime factors of 10/k - 1786/(-22).
3
List the prime factors of 354 + (3 - (2 + 2/2)).
2, 3, 59
Let b(s) = 2*s**2 + 18*s + 6. Let r be b(-9). Suppose 0 = -2*m + 5*x + 444, 4 = x + r. What are the prime factors of m?
7, 31
Suppose -4*r + 88 = -2*r + 5*n, 5*r - 5*n - 255 = 0. What are the prime factors of r?
7
Let u(o) = o**2 - 4*o - 10. Let k be u(6). List the prime factors of (k + 7)/(2/22).
3, 11
Let j be (-9)/6*30/(-9). Suppose 0 = -j*h - 5*i - 5, -8*i + 4*i = -8. List the prime factors of (15/(-9) + -3)*h.
2, 7
Let s(d) = 4*d**2 + 10*d + 43. What are the prime factors of s(-12)?
499
Let r = 16 - 20. What are the prime factors of 6256/56 - r/14?
2, 7
Let h(o) = -4*o**2 - 1. Let q be h(-1). Let m = 0 - q. Suppose 20 = -m*a + 85. List the prime factors of a.
13
Let z be -10*(1 + 12/8). Let y = 45 - z. List the prime factors of y.
2, 5, 7
Let d(i) = -i - 3. Let z be d(-5). Suppose z*n + 24 + 16 = 0. Let x = n - -24. What are the prime factors of x?
2
Let q = 59 - 34. Suppose -141 = 2*r + q. List the prime factors of r/(-2) + (-2)/(-4).
2, 3, 7
Suppose 680 = 2*r + 2*c, -49*c - 20 = -53*c. List the prime factors of r.
5, 67
Let d(f) = -1. Let a(t) = -3*t + 23. Let y(v) = a(v) + 3*d(v). Let s be y(8). What are the prime factors of ((-9)/(-15))/(s/(-120))?
2, 3
Let n(y) = -126*y + 136. What are the prime factors of n(-5)?
2, 383
Let m(u) = -18*u + 49. List the prime factors of m(-16).
337
Let u = 394 - -669. What are the prime factors of u?
1063
Suppose -f = 3*u - 417, -2*f = -4*f + 3*u + 870. List the prime factors of f.
3, 11, 13
Let c be 7/4 - (-3)/12. Suppose 14 = -c*l + 12. Let s = l + 24. What are the prime factors of s?
23
Let q = -17 - -6. Let r(o) = 4*o**2 - 2. Let m be r(2). Let g = q + m. What are the prime factors of g?
3
Let t = 9 - -24. Suppose -3*n = -192 - t. List the prime factors of n.
3, 5
Suppose 185135 = 76*f - 79649. What are the prime factors of f?
2, 13, 67
Suppose -4*p = -3*p - 160. Suppose -5*u = 5*v - u + 16, -4*v - 3*u - 12 = 0. Suppose v = 6*o - 2*o - p. What are the prime factors of o?
2, 5
Let z = -7881 + 12157. What are the prime factors of z?
2, 1069
Suppose 4*o - 2*o - 12 = -4*y, 22 = 2*y - 3*o. List the prime factors of y.
5
Suppose 0 = 3*k + 9, -v - v + 555 = 3*k. List the prime factors of (7/21)/(2/v).
47
Let b = -43 + 33. Let a = b - -68. List the prime factors of a.
2, 29
Let h be 14/(-35) - 84/(-10). Let d(y) = -y**2 + 9*y - 1. Let l be d(h). Let m(i) = i**2 - 2*i - 6. What are the prime factors of m(l)?
29
Suppose 25 = -x - 5*q, -2*x - 2*q = -4 + 14. Suppose -i - 3*d - 3 = 0, x = -2*d - 0*d - 2. What are the prime factors of (-2 + i - -48)/2?
23
Suppose n = 4*n + 6, 3*n = -2*x + 90. Suppose -8*l + x = -4*l. What are the prime factors of l?
2, 3
Suppose 118 = -q - 0*q. What are the pri